9937 prime?
True
Is 1114 composite?
True
Is 274811 composite?
False
Is 30959 a prime number?
False
Is 2867 prime?
False
Is 7343 prime?
False
Is 773213 prime?
False
Is 115151 a composite number?
False
Is 295933 prime?
False
Is 16729 composite?
False
Is 1548671 composite?
True
Is 519206 a prime number?
False
Is 5147 a composite number?
False
Is 143281 a composite number?
False
Is 12707 composite?
True
Is 3821 a prime number?
True
Is 1496557 a composite number?
True
Is 168811 composite?
True
Is 405553 prime?
True
Is 12659 composite?
False
Is 488837 prime?
False
Is 40343 composite?
False
Is 142733 a composite number?
False
Is 19181 composite?
False
Is 35023 a prime number?
True
Is 296347 a composite number?
False
Is 721661 composite?
False
Is 28511 a prime number?
False
Is 1014389 a prime number?
True
Is 81239 composite?
False
Is 38351 prime?
True
Is 109937 a prime number?
True
Is 513677 composite?
True
Is 4853 prime?
False
Is 92765 a composite number?
True
Is 19531 a prime number?
True
Is 33095 a prime number?
False
Is 161717 composite?
False
Is 1777 a composite number?
False
Is 181549 composite?
False
Is 39253 a composite number?
True
Is 45587 composite?
False
Is 368167 composite?
True
Is 861217 prime?
False
Is 84831 prime?
False
Is 19066 prime?
False
Is 331 a composite number?
False
Is 19121 a prime number?
True
Is 1201 composite?
False
Is 55873 a prime number?
False
Is 157393 a composite number?
False
Is 453823 a composite number?
False
Is 253 composite?
True
Is 382517 a prime number?
False
Is 1924793 a prime number?
False
Is 4105 composite?
True
Is 126303 a prime number?
False
Is 520895 a prime number?
False
Is 18341 a composite number?
False
Is 43753 prime?
True
Is 45887 a composite number?
False
Is 4569 a prime number?
False
Is 21859 a prime number?
True
Is 1589 composite?
True
Is 382883 composite?
False
Is 7899 prime?
False
Is 31307 composite?
False
Is 2433 composite?
True
Is 2818417 a prime number?
False
Is 639011 composite?
False
Is 27933 a prime number?
False
Is 3675899 composite?
False
Is 205519 a composite number?
False
Is 90957 composite?
True
Is 17735 prime?
False
Is 1800197 a composite number?
True
Is 167815 a prime number?
False
Is 5903 a composite number?
False
Is 378127 a composite number?
False
Is 15758 a composite number?
True
Is 388567 prime?
True
Is 14635 composite?
True
Is 20227 composite?
True
Is 853 prime?
True
Is 195033 a composite number?
True
Is 12149 a composite number?
False
Is 38705 a prime number?
False
Is 5739 composite?
True
Is 35147 prime?
False
Is 15901 a composite number?
False
Is 16087 a composite number?
False
Is 27647 prime?
True
Is 7187 a prime number?
True
Is 373157 prime?
True
Is 38659 composite?
True
Is 38669 a composite number?
False
Is 9327 a composite number?
True
Is 302797 composite?
True
Is 1383191 prime?
True
Is 1364003 composite?
True
Is 134609 prime?
True
Is 2503 a prime number?
True
Is 529727 composite?
True
Is 106163 a prime number?
True
Is 11233 prime?
False
Is 28909 composite?
False
Is 31583 a composite number?
False
Is 293021 a prime number?
True
Is 496763 a prime number?
True
Is 1269437 a prime number?
False
Is 506929 a prime number?
True
Is 135929 a prime number?
True
Is 54118 prime?
False
Is 16237 a composite number?
True
Is 163903 composite?
True
Is 144611 prime?
True
Is 9103 composite?
False
Is 212822 a prime number?
False
Is 5359 a prime number?
False
Is 13645 a composite number?
True
Is 259 prime?
False
Is 22963 a composite number?
False
Is 6343 a composite number?
False
Is 18871 a composite number?
True
Is 151499 composite?
False
Is 183683 a prime number?
True
Is 508009 a composite number?
False
Is 998069 a prime number?
True
Is 683251 prime?
True
Is 2747 composite?
True
Is 94379 prime?
True
Is 49 a prime number?
False
Is 182801 a composite number?
True
Is 59429 prime?
False
Is 96947 a composite number?
True
Is 42769 composite?
True
Is 238519 prime?
True
Is 198507 a prime number?
False
Is 12055 composite?
True
Is 458309 a prime number?
True
Is 73561 a composite number?
False
Is 100733 composite?
False
Is 321357 a prime number?
False
Is 1123 prime?
True
Is 87797 a prime number?
True
Is 26293 a composite number?
False
Is 40459 prime?
True
Is 19997 a prime number?
True
Is 226961 prime?
False
Is 2507 composite?
True
Is 28369 a composite number?
True
Is 421241 a prime number?
True
Is 439273 a composite number?
False
Is 100882 composite?
True
Is 50191 prime?
False
Is 517 a prime number?
False
Is 83917 composite?
True
Is 109207 a composite number?
True
Is 95005 prime?
False
Is 134737 prime?
False
Is 125767 a prime number?
False
Is 123757 a prime number?
True
Is 30437 a composite number?
True
Is 42683 composite?
False
Is 502217 a composite number?
False
Is 41279 a composite number?
True
Is 5561 a prime number?
False
Is 2099 prime?
True
Is 57767 prime?
False
Is 103079 a prime number?
True
Is 225977 a prime number?
True
Is 406639 a prime number?
False
Is 542713 composite?
False
Is 17651 composite?
True
Is 17747 a prime number?
True
Is 800113 a prime number?
True
Is 206311 a prime number?
False
Is 991957 prime?
True
Is 269801 prime?
False
Is 43753 prime?
True
Is 263443 composite?
False
Is 7789 composite?
False
Is 123923 prime?
True
Is 2455 composite?
True
Is 1821 a prime number?
False
Is 587 prime?
True
Is 196538 a composite number?
True
Is 8309 prime?
False
Is 46471 a composite number?
False
Is 52211 a prime number?
False
Is 86263 a prime number?
True
Is 132403 composite?
False
Is 848251 a composite number?
False
Is 1368987 a composite number?
True
Is 175919 composite?
False
Is 3554 a composite number?
True
Is 72951 prime?
False
Is 2133629 prime?
False
Is 40879 a composite number?
False
Is 107021 a composite number?
False
Is 158071 a prime number?
True
Is 22343 a prime number?
True
Is 3511 a composite number?
False
Is 10813 composite?
True
Is 583991 a composite number?
False
Is 16547 prime?
True
Is 13361 composite?
True
Is 6619 a composite number?
False
Is 1927 a composite number?
True
Is 990393 a composite number?
True
Is 1337 a prime number?
False
Is 481 prime?
False
Is 185743 prime?
False
Is 1554653 prime?
True
Is 164309 composite?
False
Is 8179 a prime number?
True
Is 17779 composite?
True
Is 2127 a composite number?
True
Is 5071 prime?
False
Is 1949 a prime number?
True
Is 149635 a prime number?
False
Is 699207 composite?
True
Is 10559 prime?
True
Is 27049 a prime number?
False
Is 22441 prime?
True
Is 1069 composite?
False
Is 14717 a prime number?
True
Is 27887 prime?
False
Is 4699 a composite number?
True
Is 1405473 a prime number?
False
Is 11099 a prime number?
False
Is 34841 a prime number?
True
Is 2261597 a composite number?
True
Is 66791 composite?
False
Is 795407 composite?
True
Is 196919 composite?
False
Is 23753 a prime number?
True
Is 115157 prime?
False
Is 3571 composite?
False
Is 44531 a composite number?
False
Is 9091 composite?
False
Is 4181 a prime number?
False
Is 17269 composite?
True
Is 5557 a prime number?
True
Is 72741 a prime number?
False
Is 117659 composite?
False
Is 2927 composite?
False
Is 31751 a prime number?
True
Is 457883 a composite number?
True
Is 177185 composite?
True
Is 40251 a prime number?
False
Is 83537 a prime number?
True
Is 1497 composite?
True
Is 167861 prime?
True
Is 69991 a composite number?
False
Is 20303 prime?
False
Is 554 a composite number?
True
Is 76501 a prime number?
False
Is 7177 composite?
False
Is 89 a prime number?
True
Is 317227 composite?
False
Is 1924457 composite?
False
Is 447677 composite?
False
Is 166213 prime?
False
Is 43469 composite?
True
Is 59063 prime?
True
Is 10903 a composite number?
False
Is 26294 a prime number?
False
Is 1117 a composite number?
False
Is 15253 a prime number?
False
Is 270619 prime?
True
Is 145391 prime?
True
Is 1552609 a prime number?
False
Is 1621 prime?
True
Is 2354039 prime?
True
Is 29483 composite?
False
Is 596795 prime?
False
Is 3325631 a composite number?
False
Is 11509 prime?
False
Is 9617 a composite number?
True
Is 1361 a composite number?
False
Is 18229 prime?
True
Is 275813 composite?
False
Is 86833 a prime number?
False
Is 61229 a prime number?
False
Is 145991 a composite number?
False
Is 716761 a composite number?
True
Is 6143 composite?
False
Is 21779 a prime number?
False
Is 160727 p